 What is the highest common factor of s and 1624?
29
Let s(k) = -k**3 + 13*k**2 + 4*k - 37. Let b be s(11). Let z = b + -242. What is the highest common divisor of 63 and z?
7
Let h be ((-2)/(-3))/((-2)/(-6)). Suppose 5*p - 487 = h*i, -i + 1 = -3. Let l = 931 - 922. What is the highest common divisor of p and l?
9
Suppose g - 66 = -10*g. Let c be (g/(-3))/(1 + 945/(-935)). Calculate the highest common divisor of 22 and c.
11
Let x = -10 - -21. Let t = -34 - -20. Let c(b) = -b**3 - 13*b**2 + 7*b - 10. Let o be c(t). Calculate the greatest common divisor of x and o.
11
Let b = -41 - -73. Let f = -1990 - -771. Let j = -867 - f. Calculate the greatest common factor of j and b.
32
Let h(i) = 2*i**2 + 49*i + 27. Let d be h(-24). Suppose -68 + 236 = 5*s - g, -d*g - 9 = 0. Calculate the greatest common divisor of s and 1023.
33
Let x(q) = 25*q**2 - 2*q - 7. Let l be x(3). Let h = l + -196. Calculate the greatest common factor of 112 and h.
16
Suppose -27*u - 44 = -5*u. Let i be (-4)/8*-3*-3*u. Calculate the highest common factor of i and 576.
9
Suppose -7 = -3*r + 2. Let w(l) = -l**2 + 4*l - 1. Let p be w(r). Suppose -p*b = -4 - 6. What is the greatest common divisor of 1 and b?
1
Let p(d) = d**2 + 4*d - 10. Let x be p(-6). Suppose v - x = -7. Let c = v - -33. What is the highest common factor of 70 and c?
14
Let d(p) = p**2 - 7*p + 21. Let o be d(3). Let j be -4 + (o - -3)*(-6)/(-2). What is the greatest common divisor of j and 32?
32
Suppose 5*v - t = -4*t + 145, 2*t + 74 = 2*v. Let q = 23 + -19. Calculate the highest common factor of q and v.
4
Let x = -473 + 479. Suppose -l + 7*d = x*d - 1146, 2*d = -3*l + 3443. What is the highest common divisor of 31 and l?
31
Suppose 3*u + 912 = 5*k, 5*k + 23*u = 21*u + 942. What is the greatest common factor of k and 4960?
62
Let v = 2410 + -714. What is the greatest common factor of 371 and v?
53
Suppose -23 = -5*x - 8. Suppose -2155 = 3*u + 5*w, 7*u + 2866 = 3*u - x*w. Let a be (-12)/20 - u/25. Calculate the greatest common divisor of a and 7.
7
Let s = 17476 + -16405. Calculate the greatest common divisor of s and 198.
9
Let y = 400 - 619. Let l = 321 + y. What is the highest common factor of l and 34?
34
Let p(b) = -b**2 - 7*b. Let w be p(-7). Let o be 3 - w/(-4 + 7). Suppose f = -2*h + 5, 3*h - h - 7 = f. What is the greatest common divisor of o and h?
3
Let m = 12 + 164. Suppose 16 = -4*v, 3*n + v = 311 + 15. Calculate the greatest common divisor of m and n.
22
Let b(k) = -k**3 + 9*k**2 + 22*k - 6. Let d be b(11). Let l be (90/(-4))/(-3)*(-32)/d. Suppose -4*y = -83 - 317. What is the greatest common divisor of y and l?
20
Let n(l) = 2*l**2 - 288*l + 1757. Let z be n(6). Calculate the greatest common factor of 303 and z.
101
Let f(w) = 10*w**3 + 10*w**2 - w - 38. Let n be f(7). Calculate the highest common factor of 155 and n.
155
Let g(o) = -153*o - 603. Let b be g(-17). What is the highest common divisor of b and 148?
74
Let c be 2967/18*2*3. What is the greatest common divisor of c and 299?
23
Let a = -31501 + 32521. Calculate the greatest common factor of 50 and a.
10
Let n = 63 - 35. Let d be (-52)/(-3*4/114) + 3. Let j = -483 + d. Calculate the greatest common factor of j and n.
14
Suppose -167*h + 310357 + 209848 = 0. What is the greatest common factor of h and 140?
35
Let x(p) = -p**2 - 20*p - 3. Let i = 189 - 207. Let m be x(i). What is the highest common divisor of 363 and m?
33
Let q = 246 + -272. Let l(w) = -w**2 - 26*w + 14. Let d be l(q). What is the greatest common factor of 189 and d?
7
Let m(u) = 70*u - 594. Let x be m(12). What is the greatest common divisor of x and 3280?
82
Suppose -276 + 52 = -4*d. Let c be (0 - 1)/(25/(-1075)). Let s = -35 + c. Calculate the greatest common factor of s and d.
8
Let o(b) = -b**3 + 22*b**2 - 25*b - 18. Let r = 418 - 398. Let c be o(r). What is the greatest common divisor of c and 188?
94
Let c be (-12)/4*(-1)/3. Let n be c*-17 - (-20 + 16). Let l = 8 - n. Calculate the greatest common divisor of 63 and l.
21
Let u(o) = -o**3 + 18*o**2 + 195*o + 26. Let c be u(-9). What is the highest common divisor of 34 and c?
2
Let s(h) = 19*h**2 + 95*h. Let c be s(4). Suppose 0 = 7*u + 5*u - 432. Calculate the highest common divisor of u and c.
36
Suppose 0 = -0*p + 4*p + 32. Let g(t) = 2*t + 8. Let n be g(p). Let s be ((-54)/n)/9*16. What is the greatest common factor of 6 and s?
6
Suppose 1635 = 10*m - 7*m. Suppose m + 347 = 4*v. Suppose -5*t - 2*g + 370 = 0, 4*t - g + v = 7*t. What is the greatest common divisor of 19 and t?
19
Suppose 41*j - 28573 = -2333. What is the greatest common factor of 20 and j?
20
Let u = 3264 + -3144. Calculate the greatest common factor of 732 and u.
12
Suppose 0 = -5*b - 5, 5*i - b + 3917 = 6178. Calculate the greatest common divisor of 100 and i.
4
Let a = 447 + 1030. Calculate the greatest common factor of a and 28.
7
Let d(y) = 3*y**2 + 19*y - 3. Let c be d(-7). Calculate the greatest common factor of 2024 and c.
11
Suppose 11*j - 120 = 3*j. Let v be ((-1200)/j)/((2 - 5) + 2). What is the greatest common divisor of v and 96?
16
Let y(z) be the first derivative of -z**3/3 + 14*z**2 + 9*z - 48. Let r be y(27). Calculate the highest common factor of r and 144.
36
Suppose 4*a - 60 = -2*t, -5*t + 3*a - 129 + 253 = 0. Calculate the greatest common divisor of t and 130.
26
Suppose 5*y = 4*z + 24, 6*y = y + z + 21. What is the greatest common factor of 918 and y?
2
Let r(x) = 11*x - 58. Suppose 0 = -3*a + 9 + 24. Let p be r(a). Calculate the greatest common factor of p and 9.
9
Let h = 729 - 686. Suppose h*m - 68 = 41*m. Calculate the highest common divisor of 6 and m.
2
Let g be 35/(-30)*-40*(-6)/(-4). Calculate the highest common factor of 2560 and g.
10
Let u = -876 + 1837. Let g = u + -345. Calculate the highest common divisor of 8 and g.
8
Let r(d) = -18 - d**2 - 16*d + 16 - 25. Let o be r(-14). Let t be -12 - -14 - -2*o. What is the greatest common divisor of t and 4?
4
Let p be 4 - (-11)/(-44)*28 - -547. Calculate the greatest common divisor of p and 152.
8
Let i = -29 - -26. Let h be -17*i/(-9)*12/(-2). Let m be (51/h)/((-6)/(-128)). Calculate the highest common factor of m and 352.
32
Suppose 0 = 68*a - 66*a + 56. Let c = a - -48. Calculate the highest common divisor of c and 180.
20
Let y be -5 - 24939/(-6) - 33/22. Calculate the greatest common factor of 50 and y.
50
Let m be (-14700)/840*((-78)/5 - 0). What is the highest common factor of 1989 and m?
39
Suppose -67*s + 5*l + 1640 = -62*s, -2*l = 12. Calculate the greatest common divisor of 112 and s.
14
Let f = 401 + -397. Suppose f*k + 4*u - 2932 = 0, -7*k + 4*k = -2*u - 2209. Calculate the greatest common factor of 15 and k.
15
Let x(b) = b + 5. Let g(c) = 50*c - 49. Let q(y) = -2*g(y) + 4*x(y). Let o be q(-5). What is the highest common factor of o and 52?
26
Let c be (6 + 1 + -4)*(2 - 1). Suppose 2*n = c*y + 75, -n + 33 = -0*n + 3*y. Suppose -6*q - n = -12*q. What is the greatest common factor of q and 42?
6
Let j be -8*(-2 - (-55)/10 - 2). Let t be 39*((-4)/j + (-2 - -2)). Let f be 1 - (2 + 236/(-2)). What is the greatest common factor of f and t?
13
Let t be -1*2*1248*(-10)/15. Calculate the highest common factor of 24 and t.
8
Suppose -6*f - 456 + 1656 = 0. Suppose 12*y - 112 = f. Let t = -13 - -26. Calculate the greatest common factor of y and t.
13
Let s be (-10)/(420/(-3378)) + 12/(-28). Let d be 2 + (-70)/(15/(-3)). Calculate the greatest common divisor of d and s.
16
Let b be ((-3)/(-9))/((-19)/(-1083)). Let h = -110 + 319. Calculate the highest common divisor of h and b.
19
Let y(i) = 35*i + 4. Let m = -4 - -8. Let k be y(m). Let g be 4 - 4 - -26 - (9 - 1). Calculate the highest common divisor of k and g.
18
Let n(m) = 2*m - 28. Let z be n(15). Suppose 4*l - z*l - 54 = 0. What is the greatest common divisor of l and 135?
27
Let p(c) = -6*c + 49. Let w = -112 - -96. Let k = w - -23. Let f be p(k). What is the greatest common factor of 21 and f?
7
Let i be ((-3612)/35)/4*(-35 - 10). What is the highest common factor of 1677 and i?
129
Suppose 1672*v - 2090 = 1653*v. What is the highest common divisor of v and 2167?
11
Suppose w = -3*o + 53 + 113, 2*w = 5*o - 273. Let l = o + -37. Let f = 99 + -97. What is the highest common factor of l and f?
2
Let a be (-45)/(